-7944
In base 4, what is -3303 - 132?
-10101
In base 2, what is 1010 - -1101011011110?
1101011101000
In base 10, what is -2 + 29352?
29350
In base 5, what is -4 + -10030141?
-10030200
In base 11, what is 1 + -42aa?
-42a9
In base 6, what is -23511540 + 3?
-23511533
In base 12, what is 5 + 2509?
2512
In base 2, what is 0 + 10110101111001100?
10110101111001100
In base 10, what is -310789 - 5?
-310794
In base 13, what is 1c158 + -3?
1c155
In base 5, what is 2 + 113303?
113310
In base 6, what is -241331 - 10?
-241341
In base 3, what is -22021 - -1011?
-21010
In base 11, what is 32 + -450?
-419
In base 16, what is -46f + -17d?
-5ec
In base 3, what is -1002 - 10211010111?
-10211011120
In base 9, what is 0 + -1862482?
-1862482
In base 7, what is 365513 + 22?
365535
In base 10, what is 10 - 1403?
-1393
In base 14, what is -9b9a - -35?
-9b65
In base 13, what is -923 - 820?
-1443
In base 14, what is -63b1 - 32?
-6403
In base 11, what is -5187a4 - -1?
-5187a3
In base 15, what is 29 + 91?
ba
In base 10, what is 438 + 1?
439
In base 16, what is -fd2 - 4?
-fd6
In base 11, what is 254373 + 2?
254375
In base 5, what is -1134 + 214?
-420
In base 3, what is 1101 - 1021?
10
In base 9, what is -14002 + 25?
-13866
In base 5, what is 1 - -101333?
101334
In base 2, what is 10000001100011 - -11?
10000001100110
In base 16, what is 3 - -c37f?
c382
In base 12, what is -119b - 535?
-1714
In base 4, what is -1011 + -1100?
-2111
In base 15, what is 1 - 1e587?
-1e586
In base 6, what is 11 - -205220?
205231
In base 6, what is 24545 + -1?
24544
In base 15, what is -119eb - 4?
-11a00
In base 16, what is -3 - 17?
-1a
In base 8, what is -7031 + -634?
-7665
In base 2, what is -10111000010100 - 10?
-10111000010110
In base 13, what is 7 + 29b9?
29c3
In base 12, what is -5 - -178?
173
In base 8, what is 2 + 36206?
36210
In base 6, what is -1105020 - 15?
-1105035
In base 4, what is -113223 - -112131?
-1032
In base 3, what is 2101022 - -2100?
2110122
In base 7, what is -53204 - -22?
-53152
In base 6, what is -130102 - -253?
-125405
In base 16, what is -2 - 1387f5?
-1387f7
In base 6, what is -125 - -15131?
15002
In base 15, what is 2d98 - b?
2d8c
In base 11, what is 67120 + 41?
67161
In base 3, what is -20 - 1022110121?
-1022110211
In base 16, what is 47 - -3ea?
431
In base 3, what is 12 - 1200102021?
-1200102002
In base 5, what is 12344 - 12244?
100
In base 3, what is 1011 - 12002110?
-12001022
In base 7, what is 2556 - -1502?
4361
In base 12, what is -b + -19121?
-19130
In base 15, what is 112c0 + 3?
112c3
In base 8, what is 5330 + 123?
5453
In base 11, what is -851 + -5261?
-6002
In base 15, what is 8c4528 + -2?
8c4526
In base 9, what is 122085 - -2?
122087
In base 16, what is -310 - -c?
-304
In base 3, what is -1012222 - -2221?
-1010001
In base 14, what is -13790 - -11?
-1377d
In base 8, what is 20123 + 13?
20136
In base 16, what is -1 + -28307?
-28308
In base 6, what is -1201 + -2010?
-3211
In base 14, what is 5 - -1b4b1?
1b4b6
In base 12, what is 8724b + 1?
87250
In base 15, what is -6 - 48826?
-4882c
In base 8, what is -363123 + 1?
-363122
In base 3, what is -111 - 1121022200?
-1121100011
In base 5, what is 2 + -11400244?
-11400242
In base 2, what is -1101101010011 + 0?
-1101101010011
In base 2, what is 1000110110 - 10000111100?
-1000000110
In base 15, what is 2294b - 5?
22946
In base 2, what is -10100001 + 11011010010011?
11010111110010
In base 16, what is 4785 - 2?
4783
In base 11, what is -1639 - -129?
-1510
In base 5, what is -2423422 + -1?
-2423423
In base 10, what is -39 + 1605?
1566
In base 13, what is 24bc1 - -19?
24c0a
In base 15, what is 3dc + -2?
3da
In base 4, what is 13000 + -2320?
10020
In base 15, what is -41c + -130?
-54c
In base 4, what is 20301120013 + 1?
20301120020
In base 3, what is 200022021 + -12?
200022002
In base 4, what is 1312113022 - -10?
1312113032
In base 15, what is -95aa + -3?
-95ad
In base 2, what is -11011110101100000110 + -10?
-11011110101100001000
In base 12, what is 46006 + 3?
46009
In base 3, what is -12000010111 - -2?
-12000010102
In base 2, what is -101 + -10011110110101?
-10011110111010
In base 15, what is -18 + 5933?
591a
In base 12, what is 25 + -55244?
-5521b
In base 15, what is -533a2 + 5?
-5339c
In base 15, what is -16a + 2c?
-13d
In base 10, what is -764884 + -3?
-764887
In base 16, what is 3 - -6d9a?
6d9d
In base 6, what is 34030 - 30?
34000
In base 4, what is 102310 + -201?
102103
In base 14, what is 7 + 17b3?
17ba
In base 13, what is -b085 - 2?
-b087
In base 5, what is 2002 - 40330?
-33323
In base 4, what is -23 - -332123?
332100
In base 15, what is -4c6 + -1b?
-4e2
In base 13, what is 17a9a1 + 5?
17a9a6
In base 8, what is -32256 - -3?
-32253
In base 9, what is 4 - -17428?
17433
In base 2, what is 101110001 + 1011110110?
10001100111
In base 5, what is 44212430 + 10?
44212440
In base 2, what is -10111111 - 11011100010?
-11110100001
In base 5, what is 114 + -22013?
-21344
In base 13, what is 4800 - -28?
4828
In base 15, what is -5 + -a8837?
-a883c
In base 2, what is -100 - -101010010110101100?
101010010110101000
In base 12, what is -5 - abb?
-b04
In base 16, what is a2d - -f?
a3c
In base 2, what is -101101110 + 111110100?
10000110
In base 13, what is 5 + 6a3c2?
6a3c7
In base 2, what is -1001010 - -111?
-1000011
In base 3, what is 2210101210222 + 12?
2210101211011
In base 8, what is 277527 + -5?
277522
In base 7, what is -1345 + 35560?
34212
In base 16, what is -5 - 1e01?
-1e06
In base 4, what is -1012130123 - -1?
-1012130122
In base 16, what is -3 - 6b62?
-6b65
In base 3, what is -2102212 - -1220?
-2100222
In base 12, what is 534391 + -3?
53438a
In base 7, what is 16 + -62626?
-62610
In base 7, what is -150 + -465?
-645
In base 2, what is 111000000 - -100100?
111100100
In base 4, what is -111 + -1330030?
-1330201
In base 12, what is 1ba - 116?
a4
In base 14, what is -31203 + d?
-311d4
In base 3, what is 21002221 + 22?
21010020
In base 9, what is -12750 + -28?
-12778
In base 4, what is -10 + -11023301033?
-11023301103
In base 5, what is -23 + -1401?
-1424
In base 15, what is 84e2 - -7?
84e9
In base 3, what is 111110 + -210?
110200
In base 8, what is 21 + 1524?
1545
In base 6, what is 504300 + -14?
504242
In base 4, what is -23 + 1032120?
1032031
In base 10, what is 134437 - -3?
134440
In base 2, what is 1100000001111111001 + -10?
1100000001111110111
In base 15, what is 139 + 4?
13d
In base 3, what is 1010 - 21002001?
-21000221
In base 4, what is -22023 + 230?
-21133
In base 16, what is 1 + -d40?
-d3f
In base 10, what is -9 - 83310?
-83319
In base 16, what is 35 + 67c?
6b1
In base 4, what is 221301 + 101?
222002
In base 11, what is -1 + -444?
-445
In base 15, what is a - 3a24e?
-3a244
In base 10, what is 17101 + 7?
17108
In base 2, what is 111010011001 - -110100?
111011001101
In base 9, what is 27 - -24358?
24386
In base 9, what is -172144 - -1?
-172143
In base 5, what is 12341414 + 0?
12341414
In base 5, what is 2120224422 - 10?
2120224412
In base 12, what is 87 - -2755?
2820
In base 3, what is 2 - -20122100202?
20122100211
In base 13, what is 3 + 18055?
18058
In base 13, what is 16a + 27?
194
In base 14, what is 5b1 - -bc?
68d
In base 16, what is -4 - -1319c?
13198
In base 16, what is 348a - 5?
3485
In base 14, what is 282d7 - -1b?
28314
In base 3, what is -1101011202102 - -2?
-1101011202100
In base 8, what is -34545 + 1?
-34544
In base 7, what is -5 + -150013?
-150021
In base 11, what is -175 + -8832?
-89a7
In base 16, what is d + -24e63?
-24e56
In base 6, what is 12435 + -135?
12300
In base 6, what is 130 - -111003?
111133
In base 10, what is -8 - -1626?
1618
In base 5, what is 4 - 4032021?
-4032012
In base 15, what is 24 - -38e?
3b3
In base 7, what is -64462 + -140?
-64632
In base 5, what is 12020 - -40001?
102021
In base 15, what is 720 - 1a?
705
In base 10, what is 29747 + 2?
29749
In base 8, what is 1 - -3134762?
3134763
In base 9, what is 83 + -115512?
-115418
In base 15, what is -54 - -2399?
2345
In base 12, what is 4575 + 20?
4595
In base 13, what is 0 - 3c4b?
-3c4b
In base 2, what is 10 + 110100101011011000?
110100101011011010
In base 16, what is b - -1431?
143c
In base 8, what is 450 + -12?
436
In base 13, what is 37 + -97?
-60
In base 2, what is 10010100110110101 - -100?
10010100110111001
In base 4, what is -3 - -10